{"id":886,"date":"2014-12-07T15:59:39","date_gmt":"2014-12-07T16:59:39","guid":{"rendered":"http:\/\/localhost:8888\/wordpress\/?page_id=883"},"modified":"2015-02-01T23:14:39","modified_gmt":"2015-02-02T00:14:39","slug":"am-international","status":"publish","type":"page","link":"https:\/\/www.femtielva.se\/?page_id=886","title":{"rendered":"AM International"},"content":{"rendered":"<p><img loading=\"lazy\" decoding=\"async\" class=\"ngg-singlepic ngg-none\" src=\"https:\/\/www.femtielva.se\/wp-content\/gallery\/loggor_-vkort\/logga-AM.jpg\" alt=\"logga AM\" width=\"457\" height=\"53\" \/><\/p>\n<h2>AM International AB (1988-93)<\/h2>\n<p><strong>En grafisk dinosaur, dvs en g\u00e5ng stor men numera utd\u00f6d<\/strong><\/p>\n<p>&nbsp;<\/p>\n<p>AM I var ett Amerikanskt gammalt f\u00f6retag inom den grafiska branschen med ett mycket brett sortiment fr\u00e5n b\u00f6rjan. Man anv\u00e4nde sig av b\u00e5de egna dotterbolag och utomst\u00e5ende representanter.\u00a0 Det fanns f\u00f6rs\u00e4ljning i ett femtiotal l\u00e4nder runt om p\u00e5 jorden. Egna varum\u00e4rken var bl.a.\u00a0Multigraphics (som var den praktiska f\u00f6reg\u00e5ngaren till Xerox med offsetkopiatorer),\u00a0Varityper\u00a0(som gjorde bl.a den f\u00f6rsta skrivmaskinen med variabel teckenbredd, och som noterats att den anv\u00e4ndes vid Japans kapitulation efter 2:a v\u00e4rldskriget). Nu, i b\u00f6rjan p\u00e5 nittiotalet, var det skrivmaskinens naturliga utveckling mot\u00a0 s\u00e4tterisystem och v\u00e4rdens f\u00f6rsta laserskrivare med tryckkvalit\u00e9, VT600,\u00a0 samt\u00a0Harris\u00a0som bland mycket \u00e4ven gjorde STORA tryckpressar. Varityper blev r\u00e4ddat genom ett uppk\u00f6p av Tegra Inc som drev det vidare s\u00e5 l\u00e4nge jag var i bolaget men det finns inte mer och det \u00e4r nog m\u00e5nga \u00e5r sedan det f\u00f6rsvann nu.<\/p>\n<p><a href=\"http:\/\/stampedout.net\/information-022-am_his.htmlhttp:\/\/\">Lite f\u00f6retagshistoria finns h\u00e4r.<\/a><\/p>\n<div id=\"jig1\" class=\"justified-image-grid jig-12ae2c0f90986518752576511e8ec0c9 jig-preset-1 jig-source-nextgen\"><div class=\"jig-clearfix\"><\/div><noscript id=\"jig1-html\" class=\"justified-image-grid-html\" data-lazy-src=\"skiplazyload\" data-src=\"skipunveillazyload\"><ul><li><a href=\"https:\/\/www.femtielva.se\/wp-content\/gallery\/typo\/DTP-color.jpg\"><img loading=\"lazy\" decoding=\"async\" src=\"https:\/\/www.femtielva.se\/wp-content\/plugins\/justified-image-grid\/timthumb.php?src=https%3A%2F%2Fwww.femtielva.se%2Fwp-content%2Fgallery%2Ftypo%2FDTP-color.jpg&amp;h=450&amp;q=80&amp;f=.jpg\" alt=\"DTP color\" width=\"324\" height=\"450\" \/><\/a><p class=\"jig-HTMLdescription\">DTP color<\/p><\/li><li><a href=\"https:\/\/www.femtielva.se\/wp-content\/gallery\/typo\/CompEdit.jpg\" title=\"CompEdit\"><img loading=\"lazy\" decoding=\"async\" src=\"https:\/\/www.femtielva.se\/wp-content\/plugins\/justified-image-grid\/timthumb.php?src=https%3A%2F%2Fwww.femtielva.se%2Fwp-content%2Fgallery%2Ftypo%2FCompEdit.jpg&amp;h=450&amp;q=80&amp;f=.jpg\" alt=\"CompEdit\" width=\"318\" height=\"450\" \/><\/a><p class=\"jig-HTMLdescription\">CompEdit<\/p><\/li><li><a href=\"https:\/\/www.femtielva.se\/wp-content\/gallery\/typo\/VT600.jpg\" title=\"Laserutskrift som tryckorginal\"><img loading=\"lazy\" decoding=\"async\" src=\"https:\/\/www.femtielva.se\/wp-content\/plugins\/justified-image-grid\/timthumb.php?src=https%3A%2F%2Fwww.femtielva.se%2Fwp-content%2Fgallery%2Ftypo%2FVT600.jpg&amp;h=450&amp;q=80&amp;f=.jpg\" alt=\"VT600\" width=\"318\" height=\"450\" \/><\/a><p class=\"jig-HTMLdescription\">VT600<br\/>Laserutskrift som tryckorginal<\/p><\/li><li><a href=\"https:\/\/www.femtielva.se\/wp-content\/gallery\/typo\/Eagel.jpg\" title=\"En 2-f\u00e4rgs press\"><img loading=\"lazy\" decoding=\"async\" src=\"https:\/\/www.femtielva.se\/wp-content\/plugins\/justified-image-grid\/timthumb.php?src=https%3A%2F%2Fwww.femtielva.se%2Fwp-content%2Fgallery%2Ftypo%2FEagel.jpg&amp;h=450&amp;q=80&amp;f=.jpg\" alt=\"Eagel\" width=\"318\" height=\"450\" \/><\/a><p class=\"jig-HTMLdescription\">Eagel<br\/>En 2-f\u00e4rgs press<\/p><\/li><\/ul><\/noscript><\/div>\n<p>&nbsp;<\/p>\n<p>Med Varityper drev vi p\u00e5 utvecklingen med integrering av text och s\/v bild, f\u00f6ljt av 4-f\u00e4rgsbild direkt p\u00e5 film, vilket inte varit m\u00f6jligt f\u00f6r vanliga s\u00e4tterier tidigare. Varitypers kreativitet l\u00f6ste en sedan \u201ctidernas begynnelse\u201d av patent blockerad teknik som Crosfields konkurrent Hell hade f\u00f6r att l\u00e4gga raster p\u00e5 raster utan interferensm\u00f6nster. Alla har anammat detta idag p\u00e5 liknande s\u00e4tt men olika f\u00f6r att undvika patentintr\u00e5ng. Id\u00e9n gick ut p\u00e5 att skaka om alla rasterprickarna s\u00e5 att de inte ligger i prydliga rader och kolumner utan lite slumpvis, f\u00f6rst\u00e5ss inom vissa gr\u00e4nser.<\/p>\n<p><strong>Jobbet<\/strong><\/p>\n<p><img loading=\"lazy\" decoding=\"async\" class=\"ngg-singlepic ngg-none\" src=\"https:\/\/www.femtielva.se\/wp-content\/gallery\/loggor_-vkort\/vk-am.jpg\" alt=\"vk-am\" width=\"294\" height=\"178\" \/><\/p>\n<p>&nbsp;<\/p>\n<p>P\u00e5 AM fick jag som\u00a0servicechef\u00a0\u00f6verta vad de sj\u00e4lva sade\u00a0 var ett kaos. Det h\u00e4ngde mest p\u00e5 vad n\u00e5gon som skulle sluta hade i huvudet och det fungerar ju inte om han slutar. Vi anst\u00e4llde lite mer folk, fick in kunder, maskiner, reservdelar och servicejobben i datorer och jag byggde med Paradox databasprogram en plattform som kunde tala om vad som skedde i klara siffror.<\/p>\n<p>Vi blev \u00e4ven OEM-\u00e5terf\u00f6rs\u00e4ljare av Apple till den grafiska industrin och vi gick deras seviceutbildningar under denna perioden n\u00e4r Mac bef\u00e4ster sin s\u00e4rst\u00e4llning inom den grafiska branchen \u00e4ven om den efter ett tag fick lite konkurans av &#8221;superMac\u00b4en&#8221; Sun. PC var hoppl\u00f6st efter i det mesta l\u00e4nge under denna period.<\/p>\n<p>Det ledde till att jag skapade nya serviceprodukter och nya debiteringssystem som vi kunde f\u00f6rklara och f\u00f6rsvara f\u00f6r v\u00e5ra kunder, och det f\u00f6rstod, vilket ledde till att vi fick en stabil ekonomi p\u00e5 servicen och mot slutet var vi de enda som tj\u00e4nade pengar. Det r\u00e4cker dock inte i l\u00e4ngden,\u00a0 ett s\u00e4ljbolag m\u00e5ste s\u00e4lja f\u00f6rst och fr\u00e4mst, och det gjorde man inte f\u00f6r tiderna var minst sagt bistra kring 1992-93, s\u00e5 f\u00f6retaget g\u00e5r till slut i konkurs i juni 93.<\/p>\n<p>PC\/Mac kunskaper inom kontorsadministration, dvs text, kalkyl och databas och DTP skaffades och f\u00f6rvaltas b\u00e5de i tj\u00e4nsten och privat. Jag s\u00e4ljer en massa allemansfonder f\u00f6r att k\u00f6pa en Mac Portable, och innan dess har jag k\u00f6pt en 486 Compaq-klon p\u00e5 n\u00e4tet fr\u00e5n USA.<\/p>\n<p>Jag best\u00e4mde mig h\u00e4r f\u00f6r att till\u00a0varje\u00a0pris l\u00e4ra mig Paradox och relationsdatabaser. P\u00e5 denna tiden fick man tjocka och ofta mycket v\u00e4lskrivna manualer med programpaketen. Det var det som gjorde det till &#8221;paket&#8221;. Jag hade l\u00e5nga restider fr\u00e5n T\u00e4by till Skarpn\u00e4ck s\u00e5 jag hann l\u00e4sa en hel del d\u00e4r. Resten fick bli p\u00e5 n\u00e4tterna. Det var det mest bel\u00f6nande jag n\u00e5gonsin l\u00e4rt mig. Att f\u00f6rst\u00e5 styrkan och kunna utnyttja den har varit mer \u00e4n v\u00e4rdefullt.<\/p>\n<p>Ett annat verktyg jag haft hela tiden \u00e4r grafikprogrammet fr\u00e5n Micrografix. Det har jag gjort mycket nyttigt i, fr\u00e5n blanketter till skyltar och kundbeskrivningar och rumsdispositioner, ja hela hus. Sedan efter jobbet, och d\u00e5 syftar jag p\u00e5 efter AM\u00b4s konkurs \u2013 var det gott om tid f\u00f6r kurser p\u00e5 KTH, MiROi och milit\u00e4ra ledarskapskurser, vilket uppskattades oerh\u00f6rt fr\u00e5n min sida om man kunde bortse fr\u00e5n den ekonomiska sidan. Det blev inte b\u00e4ttre av myndigheternas attityder och stelbenta regler.<\/p>\n<p><span style=\"color: #339966;\"><strong>Geografi<\/strong><\/span><br \/>\n<span style=\"color: #339966;\"> H\u00e4r var det lite bes\u00f6k i Amsterdam, Helsingfors samt Milton Keynes i England. Utan samband med jobbet h\u00e4r blev det \u00e4ven en p\u00e5 kurs i Hemavan f\u00f6r Hemv\u00e4rnet och d\u00e5 \u00e5kte jag inlandsbanan fr\u00e5n \u00d6stersund till G\u00e4llivari med flera \u00f6vernattningar.<\/span><\/p>\n<p><strong>Personer jag m\u00f6tte<\/strong><\/p>\n<p>&nbsp;<\/p>\n","protected":false},"excerpt":{"rendered":"<p>AM International AB (1988-93) En grafisk dinosaur, dvs en g\u00e5ng stor men numera utd\u00f6d &nbsp; AM I var ett Amerikanskt gammalt f\u00f6retag inom den grafiska branschen med ett mycket brett sortiment fr\u00e5n b\u00f6rjan. Man anv\u00e4nde sig av b\u00e5de egna dotterbolag och utomst\u00e5ende representanter.\u00a0 Det fanns f\u00f6rs\u00e4ljning i ett femtiotal l\u00e4nder runt om p\u00e5 jorden. Egna &hellip; <a href=\"https:\/\/www.femtielva.se\/?page_id=886\" class=\"more-link\">Forts\u00e4tt l\u00e4sa <span class=\"screen-reader-text\">AM International<\/span> <span class=\"meta-nav\">&rarr;<\/span><\/a><\/p>\n","protected":false},"author":2,"featured_media":0,"parent":0,"menu_order":0,"comment_status":"open","ping_status":"closed","template":"","meta":{"ngg_post_thumbnail":0,"footnotes":""},"class_list":["post-886","page","type-page","status-publish","hentry"],"_links":{"self":[{"href":"https:\/\/www.femtielva.se\/index.php?rest_route=\/wp\/v2\/pages\/886","targetHints":{"allow":["GET"]}}],"collection":[{"href":"https:\/\/www.femtielva.se\/index.php?rest_route=\/wp\/v2\/pages"}],"about":[{"href":"https:\/\/www.femtielva.se\/index.php?rest_route=\/wp\/v2\/types\/page"}],"author":[{"embeddable":true,"href":"https:\/\/www.femtielva.se\/index.php?rest_route=\/wp\/v2\/users\/2"}],"replies":[{"embeddable":true,"href":"https:\/\/www.femtielva.se\/index.php?rest_route=%2Fwp%2Fv2%2Fcomments&post=886"}],"version-history":[{"count":13,"href":"https:\/\/www.femtielva.se\/index.php?rest_route=\/wp\/v2\/pages\/886\/revisions"}],"predecessor-version":[{"id":4239,"href":"https:\/\/www.femtielva.se\/index.php?rest_route=\/wp\/v2\/pages\/886\/revisions\/4239"}],"wp:attachment":[{"href":"https:\/\/www.femtielva.se\/index.php?rest_route=%2Fwp%2Fv2%2Fmedia&parent=886"}],"curies":[{"name":"wp","href":"https:\/\/api.w.org\/{rel}","templated":true}]}}